hat is the highest common factor of 10 and z?
5
Let g be 1/(-5)*(-19 + -46). What is the highest common factor of g and 2249?
13
Suppose -7*a - 17 = 53. Let u be (-96)/a + (-6)/10. Let r(p) = p**3 + 7*p**2 - 6*p - 9. Let w be r(-6). What is the greatest common divisor of w and u?
9
Let i be 20 + (2/(-5)*-5 - 1). Let u be (3 + -2)/(3/93). Let p be -1 - -8*(u - 2). What is the highest common factor of i and p?
21
Let c = 14 - -22. Suppose -288 - 1440 = -27*r. Let n = r + -4. Calculate the greatest common divisor of n and c.
12
Let b be 21/(-7)*(-1 + 278). Let k be b/(-7) - (-2)/7. Calculate the highest common divisor of 102 and k.
17
Let w be 2218972/35308 + 3/((-78)/(-4)). Calculate the greatest common divisor of w and 2177.
7
Let o(j) = 84*j**2 - 2*j + 1. Let x be o(1). Suppose 1040 = -47*u + 34*u. Let z = x + u. What is the highest common divisor of z and 1?
1
Suppose 3*n + 0*n - 175 = v, -n = 5*v - 53. Let o(d) = d + 38. Let z = 17 - 26. Let u be o(z). What is the highest common factor of n and u?
29
Let i be (1104/(-40))/((6/10)/((-6)/4)). What is the greatest common divisor of 13110 and i?
69
Let a be ((368/(-56))/(-23))/((-1)/(-189)*3). What is the highest common factor of 11106 and a?
18
Suppose 3*w = -4*y + 207, 0*w - 3*y - 276 = -4*w. Suppose 26*i + w = 23*i. Let j(q) = -12*q - 1. Let v be j(i). What is the greatest common divisor of v and 55?
55
Let m = 1497 + -1077. What is the greatest common divisor of m and 252?
84
Let z(t) = -5*t**3 + t**2 - 1. Let m be z(-1). Let g(s) = -1204 - 4*s + 2*s**2 - 3*s + 1189. Let j be g(-4). Calculate the greatest common divisor of m and j.
5
Let t(h) = 13*h**3 + 2*h**2 + 12*h - 28. Let l be t(2). Suppose 113*y = l*y + 550. What is the highest common divisor of 55 and y?
55
Let f(b) = 48*b - 134. Let u be f(3). Let t be 1530/12 - 15/u. Calculate the greatest common factor of 36 and t.
18
Suppose -137 - 281 + 132 = -13*a. What is the greatest common divisor of a and 11264?
22
Suppose -16*n + 12*n + 120 = -4*w, -10*n + w = -345. What is the highest common factor of n and 6930?
35
Let u(h) = -h**3 + 20*h**2 - 27*h + 28. Let i be u(14). What is the highest common divisor of i and 70?
14
Let j = 837 + -817. Suppose 9*g + 2 - j = 0. What is the highest common divisor of g and 38?
2
Suppose 33*v = 4312 + 16313. Suppose -12*n + 13*n = 25. Calculate the highest common divisor of v and n.
25
Let u(g) = -g**3 + 14*g**2 - 15*g + 29. Let n be u(13). Suppose -4*f = -2*a + 158, 91 = a - n*f + 10. What is the highest common divisor of a and 100?
25
Let s be (10/(-4))/(3/(-186)). Suppose -5*z = -0*z - s. Suppose -30 = -4*j - 2*u - u, 0 = -3*j + 2*u + z. Calculate the highest common divisor of j and 3.
3
Let s = -224 - -237. Suppose -3*y - 54 = -5*q, 3*q - s - 8 = -2*y. What is the highest common factor of 225 and q?
9
Suppose 6*z + 832 = 922. Suppose w + 10*g - 12 = z*g, -w - 4*g = -48. Calculate the greatest common divisor of 544 and w.
32
Suppose t = 2*i - 42, -76 = -6*i + 3*i - 5*t. Suppose 2*a + 14 = 42. Suppose -a*o + 84 = -2688. Calculate the greatest common factor of i and o.
22
Let u = -602 + 653. Calculate the greatest common factor of 18258 and u.
51
Suppose -22*h + 30339 = -645237. What is the greatest common factor of h and 24?
12
Suppose -353*y = -348*y - 5640. Calculate the greatest common factor of 24 and y.
24
Let f(j) = 3*j**2 - 8*j + 8. Let b be f(6). Let c = -70 + b. Let v(s) = -22*s + 8. Let h be v(c). Calculate the greatest common factor of h and 4.
4
Let a be (-2082)/13 - (-6)/39. Let k = a + 167. Suppose 5*g - 41 - 99 = 0. What is the highest common factor of k and g?
7
Suppose 5*s - 30 = -4*v, -2*s + 48 = -78*v + 82*v. Let y(j) = j**3 + 9*j**2 + 6*j + 5. Let f be y(-8). Calculate the highest common divisor of f and v.
3
Let y(k) = -5*k + 375. Let t be y(-3). What is the greatest common divisor of t and 510?
30
Let s = 308 - 140. Let b be 2/(-5 + 0 + 4). Let u be (0 - -1)*7*(b - -8). What is the highest common divisor of u and s?
42
Let b = 163 - -264. Suppose 2*u + 21 = -5*g + b, 0 = -g - 2*u + 86. Calculate the greatest common factor of 24 and g.
8
Let i(z) = -2*z - 3. Let u be i(-10). Let s = 40 - u. Suppose 0 = -7*b + 1650 - 523. Calculate the highest common divisor of s and b.
23
Let r be -612*-16*2/12. Suppose 5*h + 22*b = 23*b + 123, -b = -2*h + 51. Calculate the highest common factor of r and h.
24
Let t = -24 - 14. Let w = t + 32. Let y be -561*(13 + -15)*(-1)/w. Calculate the greatest common factor of y and 17.
17
Let w(j) = 197*j**3 + 2*j**2 - j. Let a(c) = -c - 10. Let q be a(-11). Let b be w(q). Let i = 179 - 161. Calculate the highest common factor of b and i.
18
Let s = 15575 - 7490. What is the highest common factor of s and 165?
165
Suppose 0 = o - 3*y - 4705, -23425 = 53*o - 58*o - 5*y. Calculate the greatest common divisor of 126 and o.
14
Let w be 7 + ((-28)/(-7) - 3). Suppose 0 = -22*m + w*m + 1232. Calculate the highest common factor of m and 110.
22
Let k be -200*((-40)/(-4) - 790/8). Calculate the greatest common factor of k and 142.
142
Let w(q) = 539*q + 851. Let v be w(16). What is the highest common factor of v and 50?
25
Suppose -40 = -2*z - 4*w, 1847*w = 3*z + 1842*w - 16. Calculate the highest common factor of 28860 and z.
12
Let q(d) = 151*d + 3634. Let o be q(-24). Suppose 0*u - u + 30 = 0. What is the greatest common factor of u and o?
10
Let p be (4/5)/((-49)/(-3841845)). Let b be (-13 - p/(-132)) + (-2)/11. Calculate the greatest common divisor of 28 and b.
14
Suppose 0 = -81*i + 65*i + 6576. What is the greatest common factor of i and 2603?
137
Let i = -94 + 116. Suppose 0 = -24*h + 23*h + i. Suppose 4*t - 6*c - 161 = -3*c, 4*t - 4*c = 156. What is the greatest common divisor of t and h?
22
Let i be 18/(-4)*32/(-12). Let u = i - -12. Let x = -190 + 310. Calculate the greatest common divisor of x and u.
24
Suppose 0 = -3*w + 29 + 64. Suppose -36*r + 40*r - 5308 = 2*p, r - 4*p - 1285 = 0. What is the greatest common factor of r and w?
31
Let n = 1 - 4. Let b be (1 - n) + (-944)/(-2). Suppose -8*p + b = -28. Calculate the greatest common factor of 7 and p.
7
Let u = 139 + -135. Suppose 0*j = u*j - 5*z - 175, 0 = -2*j - 3*z + 93. Suppose 2*i - 3*i = -j. Calculate the highest common factor of 27 and i.
9
Suppose -4*p = 18 - 54. Suppose 5*x + 16 = x. Let b be (-2)/x + (-33)/(-66). Calculate the highest common factor of p and b.
1
Let w = 77 - 77. Let g(c) = c**3 - c**2 - c + 9. Let p be g(w). Let l be (-2)/(-9) + 0 + 196/p. Calculate the highest common divisor of l and 198.
22
Suppose 0 = 5*g - 10 - 5. Suppose 2*w - 2*n - 30 = 0, 24*n - 26*n = 4*w - 66. Calculate the highest common divisor of g and w.
1
Suppose -65 = -4*u - 709. Let f = 189 + u. Calculate the highest common factor of 140 and f.
28
Let n be 1/((-15)/10)*30/(-4). Let j be (-15)/6*2/(-5). Let w be (2 - (3 + j)) + 22. Calculate the highest common factor of w and n.
5
Suppose -48*c + 311 + 553 = 0. Calculate the highest common factor of c and 219.
3
Let s = -99 - -100. Suppose -3*n = r - 12, 6*r - s = 8*r + n. Let d be (774/3)/6 + r/3. Calculate the greatest common divisor of 14 and d.
14
Let w = 254 - 164. Suppose -9*s + 62 = -262. What is the highest common factor of w and s?
18
Let y(q) = 5*q - 31. Suppose -v = -13 + 6. Let b be y(v). Suppose -b*g = -47 + 3. Calculate the highest common factor of g and 11.
11
Let w(a) = -4*a - 9*a - 16 + 11*a. Let p = -33 - -9. Let v be w(p). Calculate the greatest common factor of 4 and v.
4
Suppose t - 116 = -3*g + 12, t = -2*g + 86. Suppose 8*b - 29 = 19. What is the greatest common divisor of b and g?
6
Let h(s) = -2*s**3 + 10*s**2 + 54*s + 19. Let l be h(-3). Let p(f) = -f**3 - 3*f**2 + 6*f + 3. Let w be p(-5). Calculate the highest common factor of l and w.
1
Let i(a) = -55*a - 965. Let d be i(-41). What is the highest common factor of d and 60?
30
Let m = 10855 + -7391. What is the greatest common factor of m and 8?
8
Let x = 99 - -2. Let k = 106 - x. Suppose -4*m = 5*a - 170, -2*m - 92 = -4*m + a. Calculate the highest common factor of m and k.
5
Let d be (-174)/116*(-1968)/9. What is the greatest common factor of 16 and d?
8
Suppose 0*s = 2*s - 92. Let d be 240/(-14) + 6*(-5)/(-210). Let n = d + 132. What is the greatest common factor of n and s?
23
Su